89
What are the prime factors of 437?
19, 23
What are the prime factors of 82622?
2, 109, 379
List the prime factors of 8236.
2, 29, 71
What are the prime factors of 2518?
2, 1259
List the prime factors of 7213.
7213
What are the prime factors of 27665?
5, 11, 503
List the prime factors of 11103.
3, 3701
List the prime factors of 4375.
5, 7
List the prime factors of 10772.
2, 2693
What are the prime factors of 3314?
2, 1657
List the prime factors of 54841.
173, 317
List the prime factors of 934.
2, 467
What are the prime factors of 4004?
2, 7, 11, 13
List the prime factors of 30524.
2, 13, 587
List the prime factors of 7052.
2, 41, 43
What are the prime factors of 1168?
2, 73
What are the prime factors of 11504?
2, 719
What are the prime factors of 74364?
2, 3, 6197
What are the prime factors of 238?
2, 7, 17
What are the prime factors of 18771?
3, 6257
What are the prime factors of 7926?
2, 3, 1321
What are the prime factors of 5534?
2, 2767
What are the prime factors of 146?
2, 73
List the prime factors of 1457.
31, 47
What are the prime factors of 206?
2, 103
List the prime factors of 33392.
2, 2087
What are the prime factors of 6185?
5, 1237
List the prime factors of 1766.
2, 883
What are the prime factors of 1761?
3, 587
List the prime factors of 2961.
3, 7, 47
What are the prime factors of 165960?
2, 3, 5, 461
List the prime factors of 3067.
3067
List the prime factors of 2197.
13
List the prime factors of 37.
37
What are the prime factors of 112031?
112031
List the prime factors of 5951.
11, 541
What are the prime factors of 127905?
3, 5, 8527
What are the prime factors of 6116?
2, 11, 139
What are the prime factors of 5420?
2, 5, 271
What are the prime factors of 75139?
29, 2591
List the prime factors of 74440.
2, 5, 1861
List the prime factors of 10789.
10789
List the prime factors of 15583.
15583
What are the prime factors of 86556?
2, 3, 7213
What are the prime factors of 16503?
3, 5501
List the prime factors of 2244.
2, 3, 11, 17
List the prime factors of 3083.
3083
List the prime factors of 1620.
2, 3, 5
List the prime factors of 587.
587
What are the prime factors of 119088?
2, 3, 827
What are the prime factors of 1406?
2, 19, 37
List the prime factors of 11.
11
What are the prime factors of 4115?
5, 823
What are the prime factors of 22506?
2, 3, 11, 31
What are the prime factors of 1594?
2, 797
List the prime factors of 3178.
2, 7, 227
What are the prime factors of 15853?
83, 191
List the prime factors of 2573.
31, 83
What are the prime factors of 6499?
67, 97
What are the prime factors of 42914?
2, 43, 499
List the prime factors of 1772.
2, 443
What are the prime factors of 4608?
2, 3
What are the prime factors of 80177?
80177
List the prime factors of 55373.
55373
List the prime factors of 1450.
2, 5, 29
What are the prime factors of 27657?
3, 7, 439
List the prime factors of 5821.
5821
List the prime factors of 2614.
2, 1307
List the prime factors of 16197.
3, 5399
List the prime factors of 36647.
13, 2819
List the prime factors of 5700.
2, 3, 5, 19
List the prime factors of 13974.
2, 3, 17, 137
What are the prime factors of 257?
257
List the prime factors of 1009.
1009
What are the prime factors of 21678?
2, 3, 3613
What are the prime factors of 9399?
3, 13, 241
List the prime factors of 66628.
2, 16657
What are the prime factors of 23810?
2, 5, 2381
List the prime factors of 6673.
6673
What are the prime factors of 9772?
2, 7, 349
What are the prime factors of 12944?
2, 809
List the prime factors of 82.
2, 41
What are the prime factors of 1274?
2, 7, 13
What are the prime factors of 892?
2, 223
List the prime factors of 121878.
2, 3, 37, 61
What are the prime factors of 27114?
2, 3, 4519
What are the prime factors of 1097?
1097
What are the prime factors of 2402?
2, 1201
What are the prime factors of 14862?
2, 3, 2477
List the prime factors of 14508.
2, 3, 13, 31
What are the prime factors of 36700?
2, 5, 367
List the prime factors of 1445.
5, 17
What are the prime factors of 1830?
2, 3, 5, 61
What are the prime factors of 16419?
3, 13, 421
What are the prime factors of 87110?
2, 5, 31, 281
List the prime factors of 1714.
2, 857
What are the prime factors of 2409?
3, 11, 73
List the prime factors of 884.
2, 13, 17
List the prime factors of 4321.
29, 149
What are the prime factors of 1551?
3, 11, 47
What are the prime factors of 403?
13, 31
What are the prime factors of 30807?
3, 7, 163
What are the prime factors of 47133?
3, 5237
List the prime factors of 1956.
2, 3, 163
List the prime factors of 1358.
2, 7, 97
List the prime factors of 1758.
2, 3, 293
List the prime factors of 98.
2, 7
List the prime factors of 691.
691
List the prime factors of 17104.
2, 1069
List the prime factors of 42156.
2, 3, 1171
List the prime factors of 1951.
1951
What are the prime factors of 921?
3, 307
What are the prime factors of 535?
5, 107
List the prime factors of 538.
2, 269
List the prime factors of 1490.
2, 5, 149
What are the prime factors of 11769?
3, 3923
What are the prime factors of 313?
313
List the prime factors of 374.
2, 11, 17
What are the prime factors of 183700?
2, 5, 11, 167
What are the prime factors of 15995?
5, 7, 457
List the prime factors of 2102.
2, 1051
What are the prime factors of 6906?
2, 3, 1151
List the prime factors of 53.
53
List the prime factors of 3541.
3541
What are the prime factors of 29978?
2, 13, 1153
List the prime factors of 4468.
2, 1117
What are the prime factors of 31550?
2, 5, 631
What are the prime factors of 3881?
3881
What are the prime factors of 41807?
97, 431
List the prime factors of 4071.
3, 23, 59
What are the prime factors of 398?
2, 199
List the prime factors of 48514.
2, 127, 191
What are the prime factors of 9964?
2, 47, 53
What are the prime factors of 65872?
2, 23, 179
What are the prime factors of 1534?
2, 13, 59
List the prime factors of 6521.
6521
List the prime factors of 41334.
2, 3, 83
List the prime factors of 2705.
5, 541
What are the prime factors of 3709?
3709
What are the prime factors of 236?
2, 59
What are the prime factors of 6421?
6421
List the prime factors of 30023.
7, 4289
List the prime factors of 15645.
3, 5, 7, 149
What are the prime factors of 11165?
5, 7, 11, 29
List the prime factors of 218.
2, 109
List the prime factors of 516.
2, 3, 43
What are the prime factors of 78909?
3, 29, 907
List the prime factors of 2794.
2, 11, 127
What are the prime factors of 991?
991
What are the prime factors of 1153?
1153
List the prime factors of 28680.
2, 3, 5, 239
What are the prime factors of 16688?
2, 7, 149
What are the prime factors of 5318?
2, 2659
List the prime factors of 136308.
2, 3, 37, 307
What are the prime factors of 44625?
3, 5, 7, 17
What are the prime factors of 20912?
2, 1307
List the prime factors of 16334.
2, 8167
What are the prime factors of 1894?
2, 947
List the prime factors of 1163.
1163
List the prime factors of 7613.
23, 331
What are the prime factors of 161389?
199, 811
List the prime factors of 28072.
2, 11, 29
List the prime factors of 36969.
3, 12323
List the prime factors of 4011.
3, 7, 191
What are the prime factors of 796?
2, 199
What are the prime factors of 929?
929
What are the prime factors of 18938?
2, 17, 557
List the prime factors of 32757.
3, 61, 179
What are the prime factors of 14981?
71, 211
List the prime factors of 1311.
3, 19, 23
List the prime factors of 4500.
2, 3, 5
List the prime factors of 106112.
2, 829
What are the prime factors of 37858?
2, 23, 823
List the prime factors of 3352.
2, 419
List the prime factors of 54605.
5, 67, 163
What are the prime factors of 22342?
2, 11171
List the prime factors of 13494.
2, 3, 13, 173
What are the prime factors of 2281?
2281
What are the prime factors of 19933?
31, 643
List the prime factors of 15272.
2, 23, 83
What are the prime factors of 40440?
2, 3, 5, 337
List the prime factors of 457.
457
What are the prime factors of 15926?
2, 7963
List the prime factors of 6609.
3, 2203
List the prime factors of 12937.
17, 761
List the prime factors of 4044.
2, 3, 337
What are the prime factors of 589?
19, 31
List the prime factors of 60238.
2, 30119
What are the prime factors of 1036?
2, 7, 37
List the prime factors of 11674.
2, 13, 449
List the prime factors of 715.
5, 11, 13
List th